 - 1. Let k(c) be the second derivative of p(c). What is k(2)?
-15
Let j(t) = t**3 + 5*t**2 - 5*t - 7. Let k(i) = -31*i - 4. Let z be k(-1). Suppose -r - 26 = 4*v, 3*v + 4*r - 1 = -z. What is j(v)?
-13
Let k(f) = -f**3 + 6*f**2 - 20*f - 2. Let g(j) = 2*j**3 - 16*j**2 + 57*j + 4. Let i(t) = 4*g(t) + 11*k(t). Give i(3).
-45
Let k(v) = v**3 - v**2. Suppose 2*n + 5*h + 257 = 0, 0 = -4*n - 6*h + 7*h - 547. Let o = -137 - n. What is k(o)?
-2
Let v = -1 - -1. Let h(o) be the second derivative of -o**5/20 - o**4/12 - 33*o**2/2 + 102*o - 4. Give h(v).
-33
Let j = -14371 - -14372. Let n(p) = -72*p + 8. Determine n(j).
-64
Suppose -7*n + 2*n + 5 = -5*c, c = -n - 9. Let t(h) be the second derivative of -h**5/20 - h**4/3 + 7*h**3/6 - h**2 + 20*h. Give t(c).
-12
Let l(p) be the second derivative of -p**5/20 - p**4/3 + 7*p**3/3 + 33*p**2/2 + 5009*p. Determine l(-5).
-12
Let a(d) be the second derivative of d + 1/2*d**2 + 50 - 1/6*d**3. What is a(3)?
-2
Let h(z) = 4*z**2 + 6*z + 73. Let t(f) = 13*f**2 + 18*f + 228. Let w(g) = -19*h(g) + 6*t(g). Give w(0).
-19
Let n(z) = z**2 - 18*z + 73. Let o = 12558 + -12546. Determine n(o).
1
Let m be 29 + 0 - (-196)/(-28). Let o(k) = m*k - 29 + 5 + 10*k**2 - k**3 - 6*k**2 + 4*k**2 + 0*k**3. Calculate o(10).
-4
Let z be 1/(1/(-5)*1). Let v(n) be the third derivative of -n**5/120 - n**4/8 + 16*n**3/3 - 14*n**2. Let u(k) be the first derivative of v(k). What is u(z)?
2
Let l be -1*1*19/(76/12). Let h(r) be the second derivative of -r**5/20 - r**4/3 - r**3/6 + 3*r**2/2 + 2*r. Determine h(l).
-3
Suppose 14*q - 12*q = 8. Let c(l) = 6 - 10639*l + 10636*l - 2*l**2 + l**3 - l**2. Calculate c(q).
10
Let t(p) be the third derivative of 13*p**5/60 + p**4/4 + 7*p**3/6 + 2665*p**2. Determine t(-3).
106
Let y be 1/1 + 2/2. Suppose -865*b = -895*b + 240. Let o(q) = 6*q - b*q - q - 3 + q**y. Give o(3).
-3
Let w(m) = 7*m**2 + 14*m + 11. Let s(b) be the third derivative of -b**3 - 7/24*b**4 + 0 + 0*b - 1/15*b**5 - b**2. Let i(r) = -5*s(r) - 3*w(r). What is i(-4)?
9
Let y(h) = 71*h + 37. Let d(p) = 203*p + 108. Let b(z) = 6*d(z) - 17*y(z). Give b(-2).
-3
Let o(i) be the second derivative of i**4/12 - 7*i**3/6 - 37*i**2 - 5*i + 13. Let j(c) be the first derivative of o(c). Calculate j(6).
5
Let w(s) = -6 + 8*s - 8*s + 5*s + 10*s - 8. Calculate w(1).
1
Let l(h) be the second derivative of h**3/2 + 15*h**2/2 + 3*h - 263. Determine l(-10).
-15
Suppose 0 = -9*u + 13*u + 28. Let l(k) be the second derivative of -k**3/3 - 3*k**2 + 871*k. Determine l(u).
8
Suppose 2*l - 20 = -2*u, -u - 18 = -22. Let b(w) = -w + 7*w - 14*w + l*w + 1. Calculate b(-6).
13
Let v(n) = -2067*n**2 - 2*n - 3 + 0*n + 2068*n**2 + 6*n. Let y = 27 + -30. What is v(y)?
-6
Let h(l) = -13*l**2 + 22*l + 63. Let u(b) = b**2 - 3*b + 1. Let o(f) = h(f) + 14*u(f). Determine o(16).
13
Let m(p) be the third derivative of 2*p**2 + 2*p**3 + 0*p + 0 - 11/24*p**4 + 1/60*p**5. Let a(d) = 5*d**2 + 243*d + 1939. Let k be a(-10). What is m(k)?
-6
Let d(g) = -g**2 + 4*g - 3. Let v(f) = -4*f**3 - f**2 - 24*f + 63. Let o be v(6). Let w = o + 988. Give d(w).
-24
Let w(y) = 2*y**2 - 23*y + 68. Let i be w(6). Let a(h) = -5 - h**3 + 34*h**2 + 0*h**3 - 28*h**i. Give a(5).
20
Let u(h) = h**2 + h + 26. Let v(a) = 3*a**2 + a + 39. Let t(b) = -2*u(b) + v(b). What is t(2)?
-11
Let l be -8*(14 - 7)/28*1. Let r(o) = 12*o**2 - o. What is r(l)?
50
Let i(u) = -u**3 + 2. Let l(v) = 3*v**2 - 31*v + 10. Let p be l(10). Suppose -3*a = -p - 6. Calculate i(a).
-6
Suppose 7*m + 639 = 16*m. Let i = -69 + m. Let z(n) = 2*n + 0 - 12*n + 0*n - i. Calculate z(-2).
18
Let k be 330/(-10)*(2 + -1). Let n be k/(-4 + (-12)/(-4)). Let r = n - 33. Let j(p) = -p**2 - 1. What is j(r)?
-1
Suppose 107 = -z - 46. Let q = -98 - z. Let n = -48 + q. Let v(s) = s**3 - 8*s**2 + 6*s + 7. Give v(n).
0
Suppose 5*q = -4*v - 37, 4*v + 0*v + 22 = -2*q. Let d(n) be the second derivative of n**4/12 + 2*n**3/3 - 3*n**2 - 781*n. Determine d(q).
-1
Let k(w) = 2*w + 6. Suppose 26*h = 36*h - 30. Suppose -h*d + 33 = 5*v, 0 = d + 3*v - v - 12. Calculate k(d).
18
Let c(m) = -41*m - 142. Let r(v) = 16*v + 47. Let g(x) = 3*c(x) + 8*r(x). Determine g(16).
30
Let i(a) = a - 10 - 10*a**2 + 0*a**3 + a**2 - a**3. Let c(f) = f**2 - f + 1. Let y(t) = -3*c(t) - i(t). Let v = -1697343 - -1697337. What is y(v)?
-5
Let x(z) = 2*z - 2 - 92*z**2 + 3 + 91*z**2 - 2*z - 2*z. Let q = -1 - -2. Let j(k) = -4*k + 1. Let m be j(q). What is x(m)?
-2
Let w(l) = l**2. Let i(d) = 1. Let h(f) = -4*i(f) - w(f). Determine h(3).
-13
Let s(u) = u**3 - 3*u**2 - 5*u + 6. Let m = 144 - 51. Let c(t) = 0*t - m - 17*t**2 + t + 80 + t**3. Let a be c(17). Determine s(a).
2
Let y(u) be the second derivative of 11*u**3/6 - 85*u**2 - 6855*u. Calculate y(14).
-16
Let q be 2 + (28/(-6))/((-1)/(-3)). Let g = q - -6. Let j(c) = c**3 + 6*c**2 - 2*c + 2. Give j(g).
14
Let q(a) = 2 + 4*a**2 + 1285*a**3 + 3*a + 1245*a**3 - 4*a**2 - 2531*a**3. Determine q(0).
2
Suppose 0 = -3*d + 6*d - 12. Let j(n) = -11*n**3 + 9*n**2 - 2*n - 2. Let v(u) = -9*u**3 + 8*u**2 - u - 1. Let p(h) = -4*j(h) + 5*v(h). What is p(d)?
15
Let j = -56 + 62. Let d(h) = 1 - j + h - h**2 + 14 + 5. Calculate d(0).
14
Let k(s) = -35*s**3 - 61*s**2 + 19*s - 19. Let a(w) = -37*w**3 - 64*w**2 + 21*w - 20. Let b(u) = 18*a(u) - 19*k(u). Suppose 0 = -2*q - 0*q + 18. Determine b(q).
-8
Let u = 4 + -6. Let s(v) = -16*v + 3. Let f(h) = -8*h + 1. Let p(l) = u*s(l) + 5*f(l). Calculate p(-2).
15
Let l(v) = -5*v + 77. Let g(b) = 2*b - 41. Let t(i) = -5*g(i) - 3*l(i). Suppose 3*n - 8 = 10. Calculate t(n).
4
Let a(h) = 17 - 11*h + 17 - 20 - h**2 + 9*h**2 - 9*h**2. Determine a(-12).
2
Let k be (3/9*2)/((-216)/648). Suppose 2*o - o = 3. Let s(y) = -3*y**2 - 2*y + 0*y - o*y**2 - 2. Calculate s(k).
-22
Let z(q) = 12*q - 4. Let k be (-3*2)/(12/6). Let y be z(k). Let p be 96/y - 6/(-15). Let i(g) = g**3 - 2*g. Determine i(p).
-4
Let u(h) = -h. Let a(w) = 2*w. Let z(q) = -a(q) - u(q). Let b = -8 - -13. Suppose -r + 4*d = 26, -r + 4*r + b*d = 7. Give z(r).
6
Let w(m) = m - 1. Let o(b) = b**2 - 6*b + 6. Let a be o(-6). Let g = a - 66. Suppose -2*h + g = 10. Give w(h).
0
Let g(p) = 16*p. Suppose 0 = -7*d + 10 + 11. Suppose -d*x - 6 = -8*x - k, 0 = k - 1. What is g(x)?
16
Let w(m) = -3*m + 17. Let x(n) = -4*n - 69. Let p(k) = -k - 10. Let b(r) = 6*p(r) - x(r). Let g be -6 - -1*(2 - 1). Let v(y) = g*b(y) + 3*w(y). Give v(-5).
1
Let a(k) be the first derivative of k - 3*k**2 - 15 - 1/3*k**3. What is a(-6)?
1
Let l = 822 - 814. Suppose -l*p - 174 = -198. Let m(i) = -i + 2. Give m(p).
-1
Let q(k) be the second derivative of -2*k + 1/2*k**2 - 73 - 5/12*k**4 + 1/3*k**3. Give q(-1).
-6
Suppose -b + 10 = -3*n, 0*b = 2*b + 4*n - 10. Let d(a) = 24*a - 17. Let w(j) = 14*j - 9. Let c(m) = 4*d(m) - 7*w(m). Determine c(b).
-19
Let q(j) = -3*j - 5. Let k(b) = 4*b + 5. Let p(w) = -2*k(w) - 3*q(w). Suppose 2*a + 60 = -4*a. Let f(u) = 4*u**2 + 42*u + 16. Let d be f(a). What is p(d)?
1
Let v(o) = -o**2 + 8*o + 19. Suppose -a - 682 = -5*l - 631, -l + 5*a = -39. Calculate v(l).
10
Let i(h) = -10*h - 5. Let q be i(-13). Suppose 13*a - 31 = q. Let w(t) = 1 + 6*t - a - 5*t + 0*t. Give w(6).
-5
Let q(j) be the second derivative of 5*j**3/2 + j**2/2 + 3*j. Suppose 486*o - 10 = 481*o. Let a(d) = -d. Let f(x) = o*q(x) + 22*a(x). Give f(-2).
-14
Let c(z) = -z**2 + z. Let m(n) = 4*n**2 - 8*n + 3. Let p be m(2). Suppose 3*q + 2*g - 24 = -0*g, 0 = -q + p*g + 19. Suppose -3*b + 8*b = q. Calculate c(b).
-2
Suppose 71*y - 76*y + 21 = 3*l, 0 = 4*y - 2*l - 30. Let c(t) = -7*t + 20. Calculate c(y).
-22
Let n(b) = -39 + b**3 - 3*b**2 - 44 - 44 + 123 - 3*b**3 - 3*b. Give n(-2).
6
Let y(w) = -9*w + 18*w + 7 - w - 9*w. Suppose -38*m = -41*m + 9. Give y(m).
4
Let s(y) = 5*y**2 - y - 7. Suppose 3*f - 144 = -5*n - 153, -n + 15 = -5*f. Determine s(f).
41
Let a(o) = 26*o - 2. Let w(k) = -k**3 - 12*k**2 + 32*k + 54. Let m be w(-14). Give a(m).
-54
Let o(d) = 5*d - 12. Let m(i) = -9*i - 239. Suppose -5*a = 56 + 79. Let u be m(a). Give o(u).
8
Let f = 0 + 0. Let j(u) = -35*u - 28. Let m(c) = -51*c - 40. Let q(h) = 3*j(h) - 2*m(h). Determine q(f).
-4
Let g(u) = 4*u**2 - 3*u + 167. Let v(f) = f**2 - f + 55. Let a(m) = -2*g(m) + 7*v(m). Give a(8).
-21
Let u be ((-108)/15)/(-3)*25/3. Let d(n) = -28*n + 5*n + u + 21*